{"id":56,"date":"2024-03-28T14:18:09","date_gmt":"2024-03-28T14:18:09","guid":{"rendered":"http:\/\/www.bilebandi.net\/?page_id=56"},"modified":"2024-03-28T14:39:28","modified_gmt":"2024-03-28T14:39:28","slug":"bandi","status":"publish","type":"page","link":"http:\/\/www.bilebandi.net\/index.php\/bandi\/","title":{"rendered":"B\u00e4ndi"},"content":{"rendered":"\n<p>Harvemmin on t\u00e4ll\u00e4 planeetalla n\u00e4hty n\u00e4in s\u00e4h\u00e4kk\u00e4\u00e4 ja toimivaa yhtyett\u00e4. On sanottu, ett\u00e4 rytmillist\u00e4 ja melodista ilotulitusta aiheuttava ryhm\u00e4mme on itse asiassa koko galaksimme hyv\u00e4ntuulisuuden l\u00e4hde. L\u00e4hteeseen on kiteytynyt nelj\u00e4 elementti\u00e4 instrumentteineen, jotka on nimetty juhlakansaa varten seuraavanlaisilla nimill\u00e4:<\/p>\n\n\n\n<figure class=\"wp-block-image size-large is-resized\"><img loading=\"lazy\" decoding=\"async\" width=\"1024\" height=\"683\" src=\"http:\/\/www.bilebandi.net\/wp-content\/uploads\/2024\/03\/NeverheardPromovaaka-1024x683.jpg\" alt=\"\" class=\"wp-image-45\" style=\"width:674px;height:auto\" srcset=\"http:\/\/www.bilebandi.net\/wp-content\/uploads\/2024\/03\/NeverheardPromovaaka-1024x683.jpg 1024w, http:\/\/www.bilebandi.net\/wp-content\/uploads\/2024\/03\/NeverheardPromovaaka-300x200.jpg 300w, http:\/\/www.bilebandi.net\/wp-content\/uploads\/2024\/03\/NeverheardPromovaaka-768x512.jpg 768w, http:\/\/www.bilebandi.net\/wp-content\/uploads\/2024\/03\/NeverheardPromovaaka-1536x1024.jpg 1536w, http:\/\/www.bilebandi.net\/wp-content\/uploads\/2024\/03\/NeverheardPromovaaka-2048x1365.jpg 2048w\" sizes=\"(max-width: 767px) 89vw, (max-width: 1000px) 54vw, (max-width: 1071px) 543px, 580px\" \/><\/figure>\n\n\n\n<p><strong>Heli Suokko &#8211; laulu ja koskettimet<\/strong><br><br>Helin syd\u00e4nt\u00e4 l\u00e4mmitt\u00e4v\u00e4t lyyriset koloratuurisopraanot ja r\u00e4j\u00e4ht\u00e4v\u00e4n boheemit rokkivokaalit luovat Tellukselle naisenergian seuraavan tason. T\u00e4m\u00e4 kosketinsoittajie kuningatar taikoo harmoniat humpasta heviin.<\/p>\n\n\n\n<p><strong>Juhani Gr\u00f6nroos &#8211; kitara ja laulu<\/strong><br><br>Lempeist\u00e4 populaarimelodioista uljaisiin metallisooloihin. S\u00e4ken\u00f6iv\u00e4 taidokkuus kulminoituu yhdistelm\u00e4\u00e4n MK, Mies ja Kitara. Mik\u00e4 muu voisikaan olla lopputulos, kuin soolokitaristien kuningas.<\/p>\n\n\n\n<p><strong>Visu Uimonen &#8211; basso ja laulu<\/strong><br><br>Korvak\u00e4yt\u00e4vi\u00e4si t\u00e4ytt\u00e4\u00e4 j\u00e4rk\u00e4ht\u00e4m\u00e4tt\u00f6m\u00e4t rokkivokaalit kasteltuna tuhdilla energialla. Vaihtoehtoisesti kaihoisat tulkinnat ja bassokitaran tunteellinen tuhina saavat muistoihisi kes\u00e4isen lavatanssien j\u00e4rvimaiseman.<\/p>\n\n\n\n<p><strong>Teemu Lepp\u00e4nen &#8211; rummut<\/strong><br><br>Kuuman auringon alta Amazonin viidakoista kumpuaa rytmi, jonka tahdissa syd\u00e4met ly\u00f6v\u00e4t ja apinat rakastelevat. T\u00e4m\u00e4 on Teemua. Perisuomalaisen valssin poljennosta urbaaniin lineaarikomppiin. Kohtalokasta sambaa, tuhtia tangoa tai tuplabassari.<\/p>\n","protected":false},"excerpt":{"rendered":"<p>Harvemmin on t\u00e4ll\u00e4 planeetalla n\u00e4hty n\u00e4in s\u00e4h\u00e4kk\u00e4\u00e4 ja toimivaa yhtyett\u00e4. On sanottu, ett\u00e4 rytmillist\u00e4 ja melodista ilotulitusta aiheuttava ryhm\u00e4mme on itse asiassa koko galaksimme hyv\u00e4ntuulisuuden l\u00e4hde. L\u00e4hteeseen on kiteytynyt nelj\u00e4 elementti\u00e4 instrumentteineen, jotka on nimetty juhlakansaa varten seuraavanlaisilla nimill\u00e4: Heli Suokko &#8211; laulu ja koskettimet Helin syd\u00e4nt\u00e4 l\u00e4mmitt\u00e4v\u00e4t lyyriset koloratuurisopraanot ja r\u00e4j\u00e4ht\u00e4v\u00e4n boheemit rokkivokaalit luovat &hellip; <\/p>\n<p class=\"link-more\"><a href=\"http:\/\/www.bilebandi.net\/index.php\/bandi\/\" class=\"more-link\">Jatka lukemista<span class=\"screen-reader-text\"> &#8221;B\u00e4ndi&#8221;<\/span><\/a><\/p>\n","protected":false},"author":1,"featured_media":21,"parent":0,"menu_order":0,"comment_status":"closed","ping_status":"closed","template":"","meta":{"footnotes":""},"class_list":["post-56","page","type-page","status-publish","has-post-thumbnail","hentry"],"yoast_head":"<!-- This site is optimized with the Yoast SEO plugin v25.6 - https:\/\/yoast.com\/wordpress\/plugins\/seo\/ -->\n<title>B\u00e4ndi - Never Heard<\/title>\n<meta name=\"robots\" content=\"index, follow, max-snippet:-1, max-image-preview:large, max-video-preview:-1\" \/>\n<link rel=\"canonical\" href=\"http:\/\/www.bilebandi.net\/index.php\/bandi\/\" \/>\n<meta property=\"og:locale\" content=\"fi_FI\" \/>\n<meta property=\"og:type\" content=\"article\" \/>\n<meta property=\"og:title\" content=\"B\u00e4ndi - Never Heard\" \/>\n<meta property=\"og:description\" content=\"Harvemmin on t\u00e4ll\u00e4 planeetalla n\u00e4hty n\u00e4in s\u00e4h\u00e4kk\u00e4\u00e4 ja toimivaa yhtyett\u00e4. On sanottu, ett\u00e4 rytmillist\u00e4 ja melodista ilotulitusta aiheuttava ryhm\u00e4mme on itse asiassa koko galaksimme hyv\u00e4ntuulisuuden l\u00e4hde. L\u00e4hteeseen on kiteytynyt nelj\u00e4 elementti\u00e4 instrumentteineen, jotka on nimetty juhlakansaa varten seuraavanlaisilla nimill\u00e4: Heli Suokko &#8211; laulu ja koskettimet Helin syd\u00e4nt\u00e4 l\u00e4mmitt\u00e4v\u00e4t lyyriset koloratuurisopraanot ja r\u00e4j\u00e4ht\u00e4v\u00e4n boheemit rokkivokaalit luovat &hellip; Jatka lukemista &quot;B\u00e4ndi&quot;\" \/>\n<meta property=\"og:url\" content=\"http:\/\/www.bilebandi.net\/index.php\/bandi\/\" \/>\n<meta property=\"og:site_name\" content=\"Never Heard\" \/>\n<meta property=\"article:modified_time\" content=\"2024-03-28T14:39:28+00:00\" \/>\n<meta property=\"og:image\" content=\"http:\/\/www.bilebandi.net\/wp-content\/uploads\/2024\/03\/cropped-Loopstill_1.1.1.jpg\" \/>\n\t<meta property=\"og:image:width\" content=\"2000\" \/>\n\t<meta property=\"og:image:height\" content=\"1200\" \/>\n\t<meta property=\"og:image:type\" content=\"image\/jpeg\" \/>\n<meta name=\"twitter:card\" content=\"summary_large_image\" \/>\n<meta name=\"twitter:label1\" content=\"Arvioitu lukuaika\" \/>\n\t<meta name=\"twitter:data1\" content=\"1 minuutti\" \/>\n<script type=\"application\/ld+json\" class=\"yoast-schema-graph\">{\"@context\":\"https:\/\/schema.org\",\"@graph\":[{\"@type\":\"WebPage\",\"@id\":\"http:\/\/www.bilebandi.net\/index.php\/bandi\/\",\"url\":\"http:\/\/www.bilebandi.net\/index.php\/bandi\/\",\"name\":\"B\u00e4ndi - Never Heard\",\"isPartOf\":{\"@id\":\"https:\/\/www.bilebandi.net\/#website\"},\"primaryImageOfPage\":{\"@id\":\"http:\/\/www.bilebandi.net\/index.php\/bandi\/#primaryimage\"},\"image\":{\"@id\":\"http:\/\/www.bilebandi.net\/index.php\/bandi\/#primaryimage\"},\"thumbnailUrl\":\"http:\/\/www.bilebandi.net\/wp-content\/uploads\/2024\/03\/cropped-Loopstill_1.1.1.jpg\",\"datePublished\":\"2024-03-28T14:18:09+00:00\",\"dateModified\":\"2024-03-28T14:39:28+00:00\",\"breadcrumb\":{\"@id\":\"http:\/\/www.bilebandi.net\/index.php\/bandi\/#breadcrumb\"},\"inLanguage\":\"fi\",\"potentialAction\":[{\"@type\":\"ReadAction\",\"target\":[\"http:\/\/www.bilebandi.net\/index.php\/bandi\/\"]}]},{\"@type\":\"ImageObject\",\"inLanguage\":\"fi\",\"@id\":\"http:\/\/www.bilebandi.net\/index.php\/bandi\/#primaryimage\",\"url\":\"http:\/\/www.bilebandi.net\/wp-content\/uploads\/2024\/03\/cropped-Loopstill_1.1.1.jpg\",\"contentUrl\":\"http:\/\/www.bilebandi.net\/wp-content\/uploads\/2024\/03\/cropped-Loopstill_1.1.1.jpg\",\"width\":2000,\"height\":1200},{\"@type\":\"BreadcrumbList\",\"@id\":\"http:\/\/www.bilebandi.net\/index.php\/bandi\/#breadcrumb\",\"itemListElement\":[{\"@type\":\"ListItem\",\"position\":1,\"name\":\"Etusivu\",\"item\":\"https:\/\/www.bilebandi.net\/\"},{\"@type\":\"ListItem\",\"position\":2,\"name\":\"B\u00e4ndi\"}]},{\"@type\":\"WebSite\",\"@id\":\"https:\/\/www.bilebandi.net\/#website\",\"url\":\"https:\/\/www.bilebandi.net\/\",\"name\":\"Bileb\u00e4ndi Never Heard\",\"description\":\"Bileb&auml;ndi, josta olet ehk&auml; kuullutkin!\",\"publisher\":{\"@id\":\"https:\/\/www.bilebandi.net\/#organization\"},\"potentialAction\":[{\"@type\":\"SearchAction\",\"target\":{\"@type\":\"EntryPoint\",\"urlTemplate\":\"https:\/\/www.bilebandi.net\/?s={search_term_string}\"},\"query-input\":{\"@type\":\"PropertyValueSpecification\",\"valueRequired\":true,\"valueName\":\"search_term_string\"}}],\"inLanguage\":\"fi\"},{\"@type\":\"Organization\",\"@id\":\"https:\/\/www.bilebandi.net\/#organization\",\"name\":\"Bileb\u00e4ndi Never Heard\",\"alternateName\":\"Never Heard\",\"url\":\"https:\/\/www.bilebandi.net\/\",\"logo\":{\"@type\":\"ImageObject\",\"inLanguage\":\"fi\",\"@id\":\"https:\/\/www.bilebandi.net\/#\/schema\/logo\/image\/\",\"url\":\"http:\/\/www.bilebandi.net\/wp-content\/uploads\/2024\/03\/cropped-never-heard-high-resolution-logo-white-transparent.png\",\"contentUrl\":\"http:\/\/www.bilebandi.net\/wp-content\/uploads\/2024\/03\/cropped-never-heard-high-resolution-logo-white-transparent.png\",\"width\":400,\"height\":250,\"caption\":\"Bileb\u00e4ndi Never Heard\"},\"image\":{\"@id\":\"https:\/\/www.bilebandi.net\/#\/schema\/logo\/image\/\"},\"sameAs\":[\"https:\/\/www.instagram.com\/neverheardband\/\"]}]}<\/script>\n<!-- \/ Yoast SEO plugin. -->","yoast_head_json":{"title":"B\u00e4ndi - Never Heard","robots":{"index":"index","follow":"follow","max-snippet":"max-snippet:-1","max-image-preview":"max-image-preview:large","max-video-preview":"max-video-preview:-1"},"canonical":"http:\/\/www.bilebandi.net\/index.php\/bandi\/","og_locale":"fi_FI","og_type":"article","og_title":"B\u00e4ndi - Never Heard","og_description":"Harvemmin on t\u00e4ll\u00e4 planeetalla n\u00e4hty n\u00e4in s\u00e4h\u00e4kk\u00e4\u00e4 ja toimivaa yhtyett\u00e4. On sanottu, ett\u00e4 rytmillist\u00e4 ja melodista ilotulitusta aiheuttava ryhm\u00e4mme on itse asiassa koko galaksimme hyv\u00e4ntuulisuuden l\u00e4hde. L\u00e4hteeseen on kiteytynyt nelj\u00e4 elementti\u00e4 instrumentteineen, jotka on nimetty juhlakansaa varten seuraavanlaisilla nimill\u00e4: Heli Suokko &#8211; laulu ja koskettimet Helin syd\u00e4nt\u00e4 l\u00e4mmitt\u00e4v\u00e4t lyyriset koloratuurisopraanot ja r\u00e4j\u00e4ht\u00e4v\u00e4n boheemit rokkivokaalit luovat &hellip; Jatka lukemista \"B\u00e4ndi\"","og_url":"http:\/\/www.bilebandi.net\/index.php\/bandi\/","og_site_name":"Never Heard","article_modified_time":"2024-03-28T14:39:28+00:00","og_image":[{"width":2000,"height":1200,"url":"http:\/\/www.bilebandi.net\/wp-content\/uploads\/2024\/03\/cropped-Loopstill_1.1.1.jpg","type":"image\/jpeg"}],"twitter_card":"summary_large_image","twitter_misc":{"Arvioitu lukuaika":"1 minuutti"},"schema":{"@context":"https:\/\/schema.org","@graph":[{"@type":"WebPage","@id":"http:\/\/www.bilebandi.net\/index.php\/bandi\/","url":"http:\/\/www.bilebandi.net\/index.php\/bandi\/","name":"B\u00e4ndi - Never Heard","isPartOf":{"@id":"https:\/\/www.bilebandi.net\/#website"},"primaryImageOfPage":{"@id":"http:\/\/www.bilebandi.net\/index.php\/bandi\/#primaryimage"},"image":{"@id":"http:\/\/www.bilebandi.net\/index.php\/bandi\/#primaryimage"},"thumbnailUrl":"http:\/\/www.bilebandi.net\/wp-content\/uploads\/2024\/03\/cropped-Loopstill_1.1.1.jpg","datePublished":"2024-03-28T14:18:09+00:00","dateModified":"2024-03-28T14:39:28+00:00","breadcrumb":{"@id":"http:\/\/www.bilebandi.net\/index.php\/bandi\/#breadcrumb"},"inLanguage":"fi","potentialAction":[{"@type":"ReadAction","target":["http:\/\/www.bilebandi.net\/index.php\/bandi\/"]}]},{"@type":"ImageObject","inLanguage":"fi","@id":"http:\/\/www.bilebandi.net\/index.php\/bandi\/#primaryimage","url":"http:\/\/www.bilebandi.net\/wp-content\/uploads\/2024\/03\/cropped-Loopstill_1.1.1.jpg","contentUrl":"http:\/\/www.bilebandi.net\/wp-content\/uploads\/2024\/03\/cropped-Loopstill_1.1.1.jpg","width":2000,"height":1200},{"@type":"BreadcrumbList","@id":"http:\/\/www.bilebandi.net\/index.php\/bandi\/#breadcrumb","itemListElement":[{"@type":"ListItem","position":1,"name":"Etusivu","item":"https:\/\/www.bilebandi.net\/"},{"@type":"ListItem","position":2,"name":"B\u00e4ndi"}]},{"@type":"WebSite","@id":"https:\/\/www.bilebandi.net\/#website","url":"https:\/\/www.bilebandi.net\/","name":"Bileb\u00e4ndi Never Heard","description":"Bileb&auml;ndi, josta olet ehk&auml; kuullutkin!","publisher":{"@id":"https:\/\/www.bilebandi.net\/#organization"},"potentialAction":[{"@type":"SearchAction","target":{"@type":"EntryPoint","urlTemplate":"https:\/\/www.bilebandi.net\/?s={search_term_string}"},"query-input":{"@type":"PropertyValueSpecification","valueRequired":true,"valueName":"search_term_string"}}],"inLanguage":"fi"},{"@type":"Organization","@id":"https:\/\/www.bilebandi.net\/#organization","name":"Bileb\u00e4ndi Never Heard","alternateName":"Never Heard","url":"https:\/\/www.bilebandi.net\/","logo":{"@type":"ImageObject","inLanguage":"fi","@id":"https:\/\/www.bilebandi.net\/#\/schema\/logo\/image\/","url":"http:\/\/www.bilebandi.net\/wp-content\/uploads\/2024\/03\/cropped-never-heard-high-resolution-logo-white-transparent.png","contentUrl":"http:\/\/www.bilebandi.net\/wp-content\/uploads\/2024\/03\/cropped-never-heard-high-resolution-logo-white-transparent.png","width":400,"height":250,"caption":"Bileb\u00e4ndi Never Heard"},"image":{"@id":"https:\/\/www.bilebandi.net\/#\/schema\/logo\/image\/"},"sameAs":["https:\/\/www.instagram.com\/neverheardband\/"]}]}},"_links":{"self":[{"href":"http:\/\/www.bilebandi.net\/index.php\/wp-json\/wp\/v2\/pages\/56"}],"collection":[{"href":"http:\/\/www.bilebandi.net\/index.php\/wp-json\/wp\/v2\/pages"}],"about":[{"href":"http:\/\/www.bilebandi.net\/index.php\/wp-json\/wp\/v2\/types\/page"}],"author":[{"embeddable":true,"href":"http:\/\/www.bilebandi.net\/index.php\/wp-json\/wp\/v2\/users\/1"}],"replies":[{"embeddable":true,"href":"http:\/\/www.bilebandi.net\/index.php\/wp-json\/wp\/v2\/comments?post=56"}],"version-history":[{"count":2,"href":"http:\/\/www.bilebandi.net\/index.php\/wp-json\/wp\/v2\/pages\/56\/revisions"}],"predecessor-version":[{"id":68,"href":"http:\/\/www.bilebandi.net\/index.php\/wp-json\/wp\/v2\/pages\/56\/revisions\/68"}],"wp:featuredmedia":[{"embeddable":true,"href":"http:\/\/www.bilebandi.net\/index.php\/wp-json\/wp\/v2\/media\/21"}],"wp:attachment":[{"href":"http:\/\/www.bilebandi.net\/index.php\/wp-json\/wp\/v2\/media?parent=56"}],"curies":[{"name":"wp","href":"https:\/\/api.w.org\/{rel}","templated":true}]}}